uppose -174*a = -179*a + 18295. Is a a composite number?
False
Let z = 762 + 16967. Is z prime?
True
Suppose -98*d + 68*d + 66090 = 0. Is d prime?
True
Let w = 682 + 3939. Is w composite?
False
Suppose 0 = 5*d - 3*g - 8, -2*d + 3*g - 8 = -g. Let h(q) be the second derivative of q**5/20 - q**4/4 - q**3/3 - q**2 + q. Is h(d) a composite number?
True
Let b(k) be the second derivative of k**5/2 - k**3 + 5*k**2/2 + 30*k. Is b(3) composite?
False
Let q(p) = p**3 + p. Let u(l) = -l + 14*l**3 + 4*l**2 - 3 + 2 - l**2 + 2. Let f(b) = 3*q(b) - u(b). Is f(-3) a composite number?
False
Suppose -3*t = 4*p - 44275, 0 = t + 3. Is p a prime number?
True
Suppose 0 = 5*i + w - 23, -2*i - 4*w - w = -23. Let x(m) = -203*m - 66. Let f be x(-1). Suppose i*o = -f + 981. Is o prime?
True
Suppose j - 900 = 3*y - 126, -2314 = -3*j + 5*y. Let q = j + 925. Is q a composite number?
False
Let x(m) = 293*m + 1. Let b(a) = 2*a**2 - 21*a - 9. Let y be b(11). Is x(y) a prime number?
True
Suppose -a - 2*a + 9231 = -5*q, -3*q = 3*a - 9255. Let c = a - 731. Let d = -1182 + c. Is d composite?
True
Let t = 24 + -16. Let d(w) = 2*w**3 - 6*w**2 - 4*w + 15. Is d(t) prime?
False
Let y(b) = -194*b + 85. Is y(-9) a composite number?
False
Let x(i) = 476*i**2 + 10*i + 13. Is x(-5) a prime number?
True
Let v(p) = 6*p**3 - 8*p**2 + 4*p - 3. Let x be v(3). Let z = 188 - x. Is z composite?
False
Let u(l) = l + 5. Let t be u(-5). Suppose 0 = -4*m - 202 + 214. Suppose -m*k - 5*r + 451 = 0, t = -4*k + 2*r + 633 + 3. Is k composite?
False
Let x be 12/(-42) + 2683/7. Let q = x - 83. Suppose q - 58 = 2*y. Is y prime?
False
Let c = -3895 - -7392. Is c a prime number?
False
Suppose 2*p = 3*p - 4. Suppose p*a = 25 - 9, l = 4*a + 279. Is l a composite number?
True
Let g(o) = 329*o + 117. Is g(10) a composite number?
False
Suppose 4*f = -7 - 1. Is f + (42/(-5))/(4/(-130)) a prime number?
True
Suppose -4*s + 16310 + 3566 = 0. Suppose -5*x = 3*c - 3*x - s, -2*c + 4*x = -3318. Is c a prime number?
True
Let l(o) be the first derivative of o**3/3 + 6*o**2 - 15*o - 2. Let w be l(-13). Is ((-1)/w)/((-6)/(-3084)) a prime number?
True
Let l(h) be the first derivative of 9*h**2 + 2*h + 1. Let a be l(4). Suppose 0 = 4*s - a - 10. Is s a composite number?
True
Suppose -23*p = -p - 445478. Is p a prime number?
True
Let f = 10 + -7. Let c = 7 + f. Is 215/1 - (c - 6) composite?
False
Suppose -16 = -a + 5*y, 5*a - 64 = a + 3*y. Suppose -o - a = 10. Is ((-13)/o)/(1/38) a prime number?
True
Let d(s) = 3*s - 5*s + 5*s - 2*s + 214. Is d(0) a prime number?
False
Is 4 + 1108 - (-2)/(-2) prime?
False
Let x(m) = 19*m**3 + 3*m**2 + 20*m - 1. Is x(7) a composite number?
False
Let v = -1757 - -5420. Suppose v = 10*x - x. Is x prime?
False
Suppose 2*o = -u - 2*o + 3307, 3*o = -3*u + 9903. Is u composite?
False
Let t = 60962 + -42261. Is t a prime number?
True
Suppose 0 = -28*x + 5*x + 1686797. Is x a composite number?
True
Suppose 0 = 16*n - 12*n + 1284. Let w be 196 + (0 - -1) + -3. Let o = w - n. Is o composite?
True
Let n(g) = g**3 - 9*g**2 - 11*g + 11. Let q be n(10). Is (1164/(-24))/(q/(-2)) composite?
False
Let h(f) = -322*f + 4. Let s be h(-2). Let u = 2759 - s. Is u prime?
True
Suppose 12 = 5*z - 8. Suppose -257 = -c + 3*m, -771 = -z*c + c + 2*m. Is c a prime number?
True
Suppose 1 = -4*p - 31. Let y = -6 - p. Suppose -y*n + 858 = 4*n. Is n a prime number?
False
Is 28381 - ((-63)/7 - -3) prime?
True
Let h = 16124 + -9055. Is h composite?
False
Suppose 10 = 2*m - f - 4*f, 4*m - 4*f = 8. Suppose m = w - 4*w + 753. Is w a composite number?
False
Let k(w) = w**2 - 3*w. Let h(m) = 4*m**2 + m - 1. Let q be h(1). Let b be k(q). Suppose 0 = -3*l - l + b, 3*u = 2*l + 2005. Is u prime?
False
Let p(b) = 5*b**2 + 19*b + 5. Is p(-18) composite?
False
Let b(m) be the second derivative of -m**5/20 + 7*m**4/6 + 11*m**3/6 - 13*m**2/2 + 44*m - 2. Let s = -1 + 13. Is b(s) composite?
True
Suppose -4*p - 3*m + 0*m + 1 = 0, 0 = 5*p + 5*m - 5. Is (7/(-35))/(p/45830) a composite number?
False
Is (1 - 1 - -1)/(6/152706) a prime number?
False
Let j = -850 - -413. Let v = 144 - j. Is v prime?
False
Let x(a) be the first derivative of -a**3/3 + 7*a**2/2 + 3*a + 7. Is x(4) composite?
True
Suppose -5432 = -3*z - 2*z - j, 0 = 3*z + j - 3258. Is z prime?
True
Suppose 0 = m + z + 2*z + 1, 3*m - 11 = 5*z. Suppose 3 + 9 = 4*k, -3*w + 1767 = m*k. Is w composite?
False
Suppose -38991 = -5*p - 4*m - 9106, 0 = -5*p - 5*m + 29880. Is p a composite number?
False
Suppose 16 + 0 = -g - 5*h, -2*g = -3*h - 20. Let l be 1958*(-27)/36*-1*2. Suppose d = g*d - l. Is d a composite number?
True
Suppose -3*w - 2*w + 1132 = 3*q, -q + 3*w + 382 = 0. Let n = 15 + -13. Suppose -l = -n*l + q. Is l a prime number?
True
Let z(b) = -b**3 - 9*b**2 + 2*b - 10. Let j be z(-9). Let k = 67 + j. Is 89/13 - (-6)/k a composite number?
False
Let g(v) = -5*v**3 - 16*v**2 - 2*v - 1. Let r(o) = -2*o**3 - 5*o**2 - o. Let n(s) = 3*g(s) - 8*r(s). Is n(10) a composite number?
True
Let l = 7 + 9. Let w = -14 + l. Let u(a) = 22*a**2 - 3*a + 3. Is u(w) a prime number?
False
Let m(a) = a**3 + a**2 - 331. Let y be m(0). Is y*(2 - 3/1) a prime number?
True
Suppose 5*p - 2 = 13. Suppose -p*i + 700 = -4679. Is i composite?
True
Let d = 22 + -13. Let m be (-7554)/d - (-6)/(-9). Is (-1)/(-2) - m/16 a prime number?
True
Let n = -59 + 59. Suppose -v + 0*o + 4*o + 47 = n, 2*o = 10. Is v a composite number?
False
Suppose -z - 2*j + 4 = z, 0 = -2*z + 5*j + 4. Is (1*(1758 + -4))/z a composite number?
False
Let n(k) = 21*k**2 - 5*k - 5. Let j = 26 + -29. Is n(j) a prime number?
True
Suppose 0 = -16*t - 32002 + 166706. Is t prime?
True
Let s(z) = -z**2 - z - 6. Let l be s(-6). Is (-5234)/(-8) - l/48 a prime number?
False
Suppose -5*j = 4*y - 4551, 0 = 2*j + y - 1107 - 714. Suppose 2*l + j = 5*l - 4*o, -5*o = -5. Is l prime?
False
Let g = 2412 - 1425. Suppose g = k + 2*k. Is k a composite number?
True
Is ((-1898)/78)/(1*(-4)/444) prime?
False
Let q(f) = -1947*f + 170. Is q(-8) prime?
False
Let s be 1 - (-3)/(-2 - -5). Suppose s*t + 131 + 319 = 4*q, 2*t = 3*q - 339. Is q a prime number?
False
Let g = 1679 - 882. Is g composite?
False
Let h = -28 + 19. Is 6234/9*h/(-6) composite?
False
Suppose -n + 0*n = 20. Let s = n - -24. Suppose 4*h - 228 = -s*w, 2*h + 3*w - 6 = 112. Is h prime?
True
Let z(p) be the second derivative of -p**5/20 - 7*p**4/12 + 3*p**3/2 + 6*p**2 - 2*p. Let w = -29 - -20. Is z(w) a prime number?
False
Let b(z) = 3*z**2 + z - 1. Let r be b(1). Suppose 2*a = 4*q + 18, q = r*a - 2*q - 24. Suppose 2*f + 195 = a*f. Is f composite?
True
Suppose 4254 + 42789 = 9*x. Is x a composite number?
False
Let a(u) be the second derivative of -19*u**3/6 - 11*u**2 + 2*u. Is a(-15) a composite number?
False
Let q(a) = 46*a**2 + 4*a + 5. Let f(c) = -2*c**2 + 4*c - 1. Let h(v) = -v**2 - 1. Let m(i) = -f(i) + h(i). Let r be m(3). Is q(r) composite?
True
Let d = 37092 - 15409. Is d a composite number?
False
Suppose 0 = 2*o + 2, 11 = 4*v - 3*o + 8*o. Is 3798/15 - v/20 a prime number?
False
Let m be (-1)/(-3 - -6 - 4). Let s be 38/(-4) + m/2. Let a(q) = -2*q + 19. Is a(s) a composite number?
False
Is 46076*12/(-15)*55/(-88) a composite number?
True
Is -4*-818*5/40 prime?
True
Let f(q) = -q**3 + 18*q**2 - 17*q - 3. Let l be f(12). Suppose 0 = -g + 3*g + 5*d - l, -d + 1 = 0. Is g a prime number?
False
Let x(o) = -3*o**3 - 3*o**2 + 13*o - 7. Let b(w) = 4*w**3 + 2*w**2 - 14*w + 8. Let j(t) = 4*b(t) + 5*x(t). Let n = 16 + -10. Is j(n) a prime number?
False
Suppose 5*h = -2*o + 260202, 20*o = 23*o - h - 390269. Is o a composite number?
True
Let v be 6 - (-2 - -2 - 1). Let p(t) = 25 + 38*t - 45 + 11. Is p(v) prime?
True
Let l(y) = -23 + 227*y - 268*y + 184*y. Is l(15) composite?
True
Suppose n - 3*n + 6 = 0. Suppose -8*v + 5870 - 774 = 0. Suppose -3*o + 0*o = -5*p - 456, n*p - v = -4*o. Is o a prime number?
True
Let c(l) = 1 + 437*l**2 - 6 - 1 + 3 + 2*l. Is c(-2) prime?
True
Suppose 0 = -2*y + 11 + 7. Suppose 4*q + 5 = y. Suppose 0 = w + q - 0, -4*s + 3*w = -223. Is s prime?
False
Suppose 8 = 2*m - 14. Let i(x) = -x**3 + 15*x**2 + 14*x - 5. Let n(w) = -w**3 + 14*w**2 + 13*w - 5. Let g(h) = 5*i(h) - 6*n(h). Is g(m) prime?
False
Suppose 4*k = 7*u - 5*u + 10, 2*k + 10 = -4*u. Let l be k*194/(3 + -2). Suppose 102 = 4*x - l. Is x a p